e highest common factor of 723555 and 5915?
35
What is the greatest common factor of 1887 and 40495122?
51
What is the greatest common divisor of 61 and 6661261?
61
What is the greatest common divisor of 190385825 and 9800?
1225
What is the highest common divisor of 42982 and 1338?
2
What is the highest common divisor of 12336 and 13208772?
3084
What is the greatest common divisor of 47160 and 67995?
45
Calculate the greatest common factor of 49867 and 624959.
47
What is the highest common divisor of 3043 and 1217737?
179
Calculate the greatest common divisor of 200 and 15368928.
8
What is the highest common divisor of 22267008 and 240?
48
Calculate the highest common divisor of 145 and 162690.
145
What is the highest common factor of 540 and 690129540?
180
Calculate the greatest common divisor of 1407 and 28371753.
201
What is the highest common factor of 136742 and 436?
2
Calculate the greatest common divisor of 18 and 494638.
2
What is the highest common factor of 1165 and 724495?
5
What is the greatest common divisor of 64339884 and 24?
12
What is the greatest common factor of 2362468 and 138?
46
Calculate the greatest common divisor of 12743886 and 2484.
138
What is the greatest common factor of 4233 and 2235522?
249
Calculate the greatest common factor of 5954 and 60658.
26
Calculate the greatest common divisor of 36728649 and 91188.
1341
What is the highest common factor of 4488 and 50106672?
264
Calculate the greatest common divisor of 91501837 and 119.
119
Calculate the greatest common factor of 213 and 5753201.
71
Calculate the greatest common divisor of 27901664 and 140.
28
Calculate the highest common factor of 7500605 and 110515.
4805
What is the greatest common factor of 107615088 and 4256?
2128
What is the highest common divisor of 1609370 and 37118?
554
Calculate the greatest common divisor of 9439689 and 1281.
1281
Calculate the greatest common divisor of 6268549 and 238.
7
Calculate the greatest common factor of 8616 and 76872.
24
What is the highest common divisor of 1152456110 and 73?
73
What is the greatest common divisor of 51005540 and 620?
620
Calculate the greatest common factor of 3130 and 25624058.
626
What is the highest common divisor of 8854360 and 110?
10
What is the highest common factor of 35070 and 23490?
30
Calculate the greatest common divisor of 182888244 and 20.
4
Calculate the greatest common factor of 137928 and 9036.
12
Calculate the greatest common factor of 1479 and 4624629.
51
What is the highest common divisor of 146964 and 886087?
331
What is the greatest common factor of 2845822 and 312116?
994
Calculate the highest common divisor of 3860 and 283051870.
1930
What is the greatest common factor of 13097879 and 86797?
2117
What is the greatest common factor of 18349 and 1887469?
59
What is the highest common divisor of 705330 and 36?
18
What is the greatest common divisor of 31 and 43166?
1
What is the greatest common factor of 270 and 853942500?
270
What is the highest common divisor of 12905177 and 3681?
409
What is the highest common divisor of 1463390360 and 20?
20
Calculate the greatest common divisor of 69579 and 45522.
81
Calculate the highest common divisor of 278103 and 24942801.
2337
Calculate the greatest common factor of 15605120 and 176416.
1184
What is the highest common divisor of 65436 and 816?
12
What is the greatest common divisor of 914384 and 1024?
16
What is the greatest common factor of 51 and 17174607?
51
What is the greatest common divisor of 6132 and 17404149?
1533
What is the highest common factor of 29364559 and 1778?
889
Calculate the greatest common divisor of 328 and 4998966.
82
Calculate the greatest common factor of 1437265789 and 9987.
3329
What is the greatest common divisor of 1342 and 117891894?
122
What is the greatest common factor of 187 and 37239983?
11
Calculate the highest common factor of 20246 and 1392390.
382
Calculate the greatest common divisor of 60489 and 103675.
143
What is the greatest common divisor of 62 and 176744888?
62
Calculate the greatest common divisor of 105288 and 10512.
24
What is the highest common factor of 700 and 368564?
28
What is the greatest common factor of 623223 and 1521?
9
What is the greatest common divisor of 276 and 38544168?
12
Calculate the highest common divisor of 25380 and 207180.
180
Calculate the greatest common factor of 3390 and 1064639670.
3390
Calculate the greatest common factor of 3509 and 11368.
29
Calculate the highest common factor of 966 and 70062278.
46
What is the highest common factor of 3755 and 8010917?
751
What is the greatest common factor of 132720153 and 348?
87
Calculate the greatest common factor of 9368 and 20004.
4
What is the highest common divisor of 25941 and 2295821735?
8647
What is the greatest common divisor of 2146408 and 2816?
88
What is the highest common factor of 390 and 7538730?
30
What is the greatest common factor of 86974568 and 6288?
1048
Calculate the greatest common factor of 872 and 20280758.
218
Calculate the highest common factor of 14186914 and 1028.
514
What is the highest common factor of 338834 and 6685?
191
Calculate the highest common divisor of 1720 and 4130.
10
Calculate the highest common divisor of 135 and 198563157.
27
Calculate the highest common factor of 704 and 16104517.
11
Calculate the highest common divisor of 1407 and 14175.
21
What is the highest common factor of 77592 and 285897423?
9699
What is the greatest common factor of 1068 and 103476?
12
Calculate the highest common divisor of 11993725 and 10.
5
Calculate the highest common factor of 2675 and 3386015.
535
What is the greatest common divisor of 232 and 2155164?
116
What is the highest common factor of 325 and 913975?
25
What is the highest common factor of 1368 and 394853364?
684
What is the highest common divisor of 119384395 and 4570?
2285
Calculate the greatest common divisor of 151911319 and 441.
49
Calculate the highest common factor of 928148 and 37071.
1373
What is the highest common factor of 4105544 and 732?
244
Calculate the greatest common factor of 57008778 and 912.
114
Calculate the highest common factor of 2753097 and 3819.
201
Calculate the greatest common divisor of 13244 and 631928.
1892
Calculate the greatest common factor of 2159126 and 956.
478
Calculate the highest common divisor of 2263 and 13947526.
73
Calculate the greatest common divisor of 850 and 21820.
10
Calculate the greatest common divisor of 27 and 427790502.
9
What is the greatest common factor of 1041274 and 31958?
58
Calculate the highest common factor of 3408 and 264816.
48
What is the highest common factor of 102 and 111282765?
51
What is the highest common divisor of 1683 and 51148427?
187
Calculate the highest common factor of 614837 and 290772.
197
Calculate the greatest common factor of 40 and 375977608.
8
Calculate the greatest common divisor of 168 and 4949504.
56
Calculate the greatest common divisor of 16220 and 290170.
10
What is the greatest common divisor of 17134 and 43992?
26
Calculate the greatest common factor of 3087835 and 185.
185
Calculate the greatest common factor of 88 and 265923218.
22
Calculate the greatest common factor of 61445404 and 12.
4
What is the highest common factor of 110740 and 83608?
28
Calculate the highest common divisor of 49864 and 28008392.
2168
Calculate the greatest common factor of 13602303 and 19305.
3861
What is the greatest common divisor of 1051375 and 128753?
647
Calculate the highest common divisor of 760 and 147624.
8
What is the greatest common divisor of 34889 and 1950270?
251
Calculate the greatest common divisor of 361447932 and 7464.
3732
Calculate the greatest common factor of 68603 and 899.
31
What is the highest common factor of 1859 and 314600?
143
What is the highest common divisor of 53151 and 24864?
21
Calculate the highest common factor of 7486 and 282511.
19
What is the highest common factor of 954 and 9597558?
318
What is the highest common divisor of 160 and 92243640?
40
What is the greatest common divisor of 38387784 and 3216?
1608
What is the highest common factor of 19264 and 70963072?
2752
What is the highest common factor of 19989 and 27765?
9
What is the highest common divisor of 6776 and 54427373?
847
What is the highest common divis